4 - (-5 + 13 + -6))?
1
(-25 - -26) + -1 + 2
2
What is -2 + (-4 - (3 + (-5 - 1)))?
-3
What is the value of 10 + (-12 - -2 - -8)?
8
What is the value of (8 - (5 + -4)) + 0?
7
What is (0 - (5 - 5)) + -3?
-3
What is the value of (0 - 3) + 20 + -16?
1
Calculate -3 + -1 + 6 + -2.
0
What is the value of (-5 - 3) + 3 + 4?
-1
What is the value of (-6 - -3) + 3 - 4?
-4
What is the value of (0 - (4 + -1)) + 7?
4
Calculate 9 + (-6 - -1) + -8 - -9.
5
What is the value of -5 + 1 - (-3 + 0)?
-1
What is the value of -33 + 30 + (0 - -1) + -3?
-5
Evaluate -9 + (3 + 7 - 7).
-6
Calculate (0 - 1) + (-5 - -9) + -7.
-4
Calculate -2 + (-14 - -8) + (4 - -6).
2
Evaluate -3 + 2 + -1 - -5.
3
Evaluate (6 + -5 - 2) + -3 + 1.
-3
Evaluate (10 - 2) + (50 - 53).
5
What is -5 - (5 + (-4 - 0)) - -6?
0
1 + (8 - 16) + 15
8
-6 + 4 - -7 - 0 - 9
-4
What is the value of -9 + 23 + -4 + -1?
9
What is -2 + 10 + (1 - 4) - 10?
-5
Calculate -16 - (-13 + 8) - -4.
-7
What is (12 - 3) + -5 - 4?
0
What is -25 + 22 - (-1 - 2)?
0
-4 + 3 - (-1 + 0 - 2)
2
What is the value of -4 + 8 - 2 - 8?
-6
What is (-1 - (2 + -2)) + 6 + -3?
2
Calculate -2 + 5 + -2 + -3.
-2
What is -12 - ((7 - 3) + -15 + 4)?
-5
What is 0 - 3 - (-5 + 1)?
1
Evaluate 7 - (8 - (2 - -1)).
2
-5 + 9 + -6 - (3 + -2)
-3
Evaluate 14 - (7 - -3) - 8.
-4
1 - 1 - (14 - 12)
-2
What is the value of (-2 + 1 - 0) + -62 + 66?
3
1 - (14 + -9) - 1
-5
(6 - (-3 - -8)) + (2 - 6)
-3
Calculate (-9 - (0 + -6)) + 8.
5
What is the value of (-2 - -7) + -5 - 3?
-3
Calculate -4 - -9 - 2 - -3.
6
What is the value of -2 - (-1 + 2) - (45 + -42)?
-6
What is -4 - ((1 - -2) + (-5 - 0))?
-2
What is 0 + (1 - 5 - -5)?
1
Evaluate -1 + 12 + 10 + -26.
-5
Calculate 15 + -10 - (3 - -2).
0
Evaluate (-2 + 0 - 1) + (2 - 2).
-3
3 + (-2 + 3 + -2 - -2)
4
What is 9 - ((-5 - 6) + 22)?
-2
What is the value of (-27 - -27) + 1 + (2 - 3)?
0
3 + -2 + (1 - -1)
3
-1 + -5 + 10 + -4 - 7
-7
2 - (4 + -8 + 0)
6
Evaluate 10 + -14 - (-2 + 0) - -2.
0
Calculate -10 - -10 - 7 - -9.
2
5 - (-8 + 6 + 5)
2
Evaluate 0 + (5 - 0 - 8).
-3
Evaluate (3 + 1 - -4) + -13.
-5
What is 2 - ((-5 - -4) + 4)?
-1
Calculate 11 + -1 + -2 + (-9 - -6).
5
Calculate -7 - -4 - (0 + -1 + 2).
-4
Calculate 1 + 12 + -8 - (0 - -6).
-1
Calculate -1 - 5 - -5 - 9 - -1.
-9
(-3 - -2 - -3) + 4 + -4
2
What is 1 + -2 + 4 + -2 - 6?
-5
Evaluate -7 + -1 + -3 + 6.
-5
Calculate 7 - 8 - (-9 + 4).
4
Calculate (-4 - -12) + 2 + -3 + -1.
6
-4 + -10 + 4 + 1 + 1
-8
Evaluate 16 - ((13 - 12) + 10).
5
Calculate (-11 - 0) + -182 + 187.
-6
Evaluate 3 - (1 + 4) - 1.
-3
Calculate -2 + 10 - 4 - 9.
-5
What is the value of 1 - 2 - 0 - 4?
-5
What is 6 - (-1 + 2 - (-3 + 0))?
2
Calculate 9 - (4 - (3 - 3) - 0).
5
Calculate -3 + (-1 - (-4 + 1) - 0).
-1
(2 - -2) + (-5 - -5)
4
2 + 0 + 4 + -3
3
What is 21 + -7 + -8 - 3 - 1?
2
Evaluate 3 + 1 - 4 - 6 - 4.
-10
Calculate -2 + 8 + -1 + 2 - 5.
2
What is the value of -6 + (2 - (9 - 5)) - -6?
-2
What is the value of 1 + -3 + 4 - (16 - 11)?
-3
Calculate 15 + -14 - (3 - 0 - 1).
-1
What is -3 - (3 + 3 + -2 - 4)?
-3
What is -15 + 26 + -5 + (-8 - -1)?
-1
What is the value of 4 - (8 + -1 - (5 + -9))?
-7
What is (-49 - -42) + (1 - -4)?
-2
Evaluate 25 - 18 - (1 - -4).
2
Calculate (-1 - 2) + 14 + -4 + -7.
0
-17 - (-10 + 2) - -7
-2
Calculate (5 - 2) + 2 + 2 + -3.
4
What is 20 - (-3 - -11) - 12?
0
What is -17 + 17 + (-6 - -2)?
-4
Evaluate 2 + 6 - (-10 - -12 - -9).
-3
Evaluate (74 - 76) + (1 - (0 + -1)).
0
Evaluate -4 + -4 + 5 + -2.
-5
What is 3 - 0 - (3 - 0) - -1?
1
Evaluate -1 - (-1 - 4) - 5.
-1
Calculate 13 + -14 + (1 - -1).
1
Calculate -12 - (1 + 3 + (-11 - 0)).
-5
What is the value of (-8 - -1) + -1 + 9 + -5?
-4
Evaluate 9 - (5 - 5) - (6 - -1).
2
Evaluate -5 + (5 - (-1 + 3)).
-2
Calculate (4 - (-5 + 7)) + -6.
-4
3 - 5 - 0 - 2
-4
6 - (-2 - -16) - 1
-9
What is the value of 0 + -3 + (-3 + 1 - -1)?
-4
What is the value of -3 - (-6 - 0) - (-3 - -1)?
5
Calculate 10 + 1 + -3 + -3 + 0.
5
What is 2 + (0 - 0 - 3)?
-1
What is (1 - 1 - (1 + -1)) + -4?
-4
Evaluate -7 - 2 - (5 - 10).
-4
(3 - 5) + -2 - -3
-1
Evaluate (-4 + -4 - -4) + -1.
-5
Evaluate 8 + (3 - (0 + 17)).
-6
What is 2 + (-1 - 2) + -3?
-4
Calculate -3 + (-7 - -8) + 4.
2
Calculate 1 - (-3 + 12 + 3).
-11
Evaluate -12 + 8 + (-6 - (3 - 7)).
-6
Evaluate 4 + (5 - 2 - -3) + -3.
7
Calculate -1 + 1 + 6 + -2 + 1.
5
Calculate (-6 - -2 - -2) + -3.
-5
2 + -2 + -6 - (9 - 8)
-7
What is 5 + (1 - 6) + -3 + 5?
2
Evaluate (-20 - -29) + (0 - 7).
2
What is the value of -1 + 2 - -3 - (-38 - -37)?
5
5 - (-2 + (4 - (7 - 4)))
6
What is the value of -6 + 1 + -1 + 3?
-3
Calculate -27 - -25 - (-6 + 0).
4
What is -4 - (-1 + 7 + -2) - -17?
9
What is the value of 4 + -1 + 0 + -4?
-1
What is -2 + 4 + -4 + -4 + 16?
10
Evaluate -2 - -4 - (10 - 15).
7
Calculate (1 - 5) + 2 - -4.
2
Evaluate 2 - (3 + -4) - -1.
4
Evaluate 13 + -14 + (4 - -1).
4
What is the value of -5 + -9 + 3 + 3?
-8
0 + (1 - 4) - (-10 - -9)
-2
What is 8 + -5 - (7 + 2)?
-6
What is -1 - -2 - 0 - (-177 - -183)?
-5
What is the value of (3 - 0 - 2) + (19 - 23)?
-3
Evaluate (0 + 2 - 1) + (-3 - -2).
0
Calculate (0 + 3 - 14) + 17.
6
Evaluate 3 + -4 + -10 + 4.
-7
What is the value of -6 - (4 - 0 - (-38 - -45))?
-3
Calculate -24 + 15 + (-3 - -3).
-9
Calculate (6 - 11) + -3 + 2.
-6
Evaluate 9 + -4 + -6 - 0.
-1
Calculate 7 - ((-2 - -1) + 4 + 1).
3
What is 0 + 5 - (-24 - -29)?
0
Evaluate -4 - (5 + -3) - -3.
-3
What is the value of -2 + 10 + (-9 + 0 - -3)?
2
What is the value of 0 + (19 + -8 - 10)?
1
3 + (8 + -4 - 9)
-2
-15 + 1 - -8 - (1 - 1)
-6
Evaluate -1 - (5 - 9) - (2 - 0).
1
-2 + 0 + (7 - 9)
-4
What is the value of -9 + 7 + -5 - 0?
-7
Calculate 2 + 1 - (-31 + 38) - 3.
-7
(2 - 1 - 3) + -286 + 287
-1
What is -4 + -3 + 3 + 7?
3
Calculate -4 + -2 - -9 - -4.
7
(-5 - -1) + (1 - (-2 + -5))
4
What is (5 - 4) + 2 + -4?
-1
What is the value of (-1 + 2 - -1) + 3?
5
What is -7 - (-14 - (-5 + 5))?
7
What is 79 + -77 + 2 + 0 + 0?
4
Evaluate -2 + (-7 - (-1 + -5)) - -5.
2
Evaluate 0 + 0 + (7 - -10) + -10.
7
What is -2 + (-6 - -9) + (-2 - 1)?
-2
Calculate -15 + 10 + (7 - 1) - -4.
5
What is (1 - -1) + -9 - -7?
0
Evaluate 2 + -5 + 6 + (-2 - 0).
1
Calculate (-1 - 2 - (6 - 1)) + 3.
-5
What is 12 + (5 + -3 - 11)?
3
1 - (-2 + -1 + 2)
2
What is the value of -5 + 5 + 7 + -4?
3
What is (-7 - (6 + -8) - -7) + -4?
-2
Calculate -7 + -7 + 12 - -5.
3
Evaluate -2 - (-9 + 5) - 2.
0
4 - (-3 + (8 - 6)) - 1
4
What is the value of -1 - (1 - -2) - (1 + -10)?
5
Evaluate (7 - (5 - 4)) + -3.
3
(1 + 5 + 2 - 22) + 6
-8
Calculate (2 + -3 - -12) + -9.
2
Calculate 12 + -1 - (2 + 4).
5
3 - (-2 + 1 + 3 - -3)
-2
Calculate (-48 - -53) + (-3 - -1).
3
Calculate -7 + 6 + (8 - 9).
-2
-3 - 1 - (-7 + 0)
3
What is -2 + 2 + 2 - (0 + -2)?
4
Calculate 2 + -9 + 0 + 9.
2
What is 0 + -4 - -3 - 3?
-4
Calculate 0 - (-4 + 3 + 1 + 2).
-2
(5 - 11) + (-5 - -4) + 5
-2
Calculate 7 + -2 + 6 + -23 + 18.
6
What is -5 - (-7 + (19 - 9))?
-8
0 - (-2 + -3) - 3
2
Evaluate -6 - -4 - -8 - (-3 + 3).
6
What is the value of -1 + 2 + -1 - (0 - 3)?
3
What is -11 + 0 + 3 + 4?
-4
What is (-5 - (-6 - -1)) + -3?
-3
What is the value of 4 - ((-2 - -21) + -9)?
-6
(-4 - (-6 + 0)) + -1
1
What is the value of -13 + 32 + -1 + -11?
7
What is the value of -3 - (-5 + 1 + 1)?
0
0 - ((-2 - -4) + -4 + 0)
2
What is -2 + -5 + 5 + 3 - 2?
-1
What is the value of -5 + -2 + (3 - 0)?
-4
What is 1 - (13 + (-7 - 0))?
-5
Calculate (-1 - -9 - 2) + -1.
5
What is 2 + -2 + -2 - -9 - 5?
2
(51 - 46) + -13 + 1
-7
What is the value of 3 + 7 + 7 + -20?
-3
What is 2 + 0 + 0 + -6 + -1?
-5
Calculate 6 + (-5 - 3 - -7).
5
Calculate 24 + -18 + (-2 - 1).
3
2 + (13 - 17 - (1 + -7))
4
-2 - 0 - (-5 - (3 + -6))
0
What is the value of (-8 - -1) + 34 + -24?
3
What is -1 + (4 - (-5 - -10))?
-2
What is the value of 8 + (0 - 4 - (4 - 4))?
4
Evaluate 1 - -5 - (8 - 4).
2
3 + -1 + -13 + 25 + -8
6
18 + -25 + (1 - (-3 + 0))
-3
Evaluate 8 + -12 + 4 + 1 - 3.
-2
Evaluate 86 - 80 - (6 + 2).
-2
2 + (4 - (12 + -3))
-3
-4 - (2 + -1) - (33 + -32)
-6
Calculate 0 + 0 + (12 - 8).
4
What is (7 - 5 - 2) + (-3 - -1)?
-2
What is the value of -5 - (6 - 5) - -16 - 6?
4
What is the value of 8 - (2 - (1 - 1 - 0))?
6
Calculate -4 + 4 + -1 + 4.
3
What is -11 - (-12 - 5) - (0 - 1)?
7
What is the value of 13 + -3 + 9 + -13?
6
What is the value of 2 + -3 + 2 - -2?
3
What is the value of -4 + 11 + -1 + (-3 - -2)?
5
Eval